{"id":1178,"date":"2021-05-29T19:43:34","date_gmt":"2021-05-29T17:43:34","guid":{"rendered":"http:\/\/cabinetiai.com\/?page_id=1178"},"modified":"2021-07-03T17:41:42","modified_gmt":"2021-07-03T15:41:42","slug":"conseils-et-assitance-juridique","status":"publish","type":"page","link":"https:\/\/cabinetiai.com\/index.php\/conseils-et-assitance-juridique\/","title":{"rendered":"Conseils et assitance juridique"},"content":{"rendered":"<div class=\"wpb-content-wrapper\"><p>[vc_row][vc_column width=\u00a0\u00bb1\/2&Prime;][vc_column_text]<\/p>\n<h5>Le <strong>conseiller juridique <\/strong>a pour mission d&rsquo;informer ses clients des diff\u00e9rents<\/h5>\n<p>risques judiciaires auxquels ils peuvent \u00eatre expos\u00e9s. Partenaire de la vie \u00e9conomique des PME, <strong>s<\/strong>on but : r\u00e9gler les litiges et pr\u00e9server leurs int\u00e9r\u00eats. Il est charg\u00e9 de la gestion des contentieux et r\u00e9alise une veille sur l&rsquo;\u00e9volution des textes juridiques. Il endossera pleinement sa responsabilit\u00e9 de guide aupr\u00e8s de vos partenaires.<\/p>\n<p>L&rsquo;activit\u00e9 du conseiller juridique comprend trois charges principales : l&rsquo;\u00e9tablissement des consultations (commerciales, financi\u00e8res&#8230;), la r\u00e9daction d&rsquo;actes et la possibilit\u00e9 d&rsquo;\u00eatre mandat\u00e9 par son client pour agir ou signer des documents en son nom.<\/p>\n<p>Une pluridisciplinarit\u00e9 au service du client<\/p>\n<p>Avec notre conseil, le client pourra \u00eatre guid\u00e9 vers une large palette de probl\u00e9matiques, et ne sera pas confront\u00e9 \u00e0 un professionnel ne ma\u00eetrisant qu&rsquo;une sp\u00e9cialit\u00e9 juridique. Sa mission consiste \u00e0 accompagner ses clients dans des projets globaux et non \u00e0 appliquer une simple technique. L&rsquo;investissement professionnel se r\u00e9v\u00e8le donc intense&#8230;<\/p>\n<p>Des qualit\u00e9s indispensables au service du client<\/p>\n<p>Outre ses nombreuses qualit\u00e9s d&rsquo;esprit de synth\u00e8se, de rigueur, de p\u00e9dagogie, le <strong>conseiller juridique <\/strong>r\u00e9pond \u00e0 une d\u00e9ontologie pr\u00e9cise fond\u00e9e principalement sur la n\u00e9cessit\u00e9 de sauvegarder son ind\u00e9pendance intellectuelle, le devoir de discr\u00e9tion, la capacit\u00e9 \u00e0 agir avec loyaut\u00e9 et les soucis permanents de trouver des solutions ad\u00e9quates pour ses clients.[\/vc_column_text][\/vc_column][vc_column width=\u00a0\u00bb1\/2&Prime;][vc_single_image image=\u00a0\u00bb1206&Prime; img_size=\u00a0\u00bbfull\u00a0\u00bb][\/vc_column][\/vc_row]<\/p>\n<\/div>","protected":false},"excerpt":{"rendered":"<p>[vc_row][vc_column width=\u00a0\u00bb1\/2&Prime;][vc_column_text] Le conseiller juridique a pour mission d&rsquo;informer ses clients &#8230; <\/p>\n","protected":false},"author":1,"featured_media":0,"parent":0,"menu_order":0,"comment_status":"closed","ping_status":"closed","template":"","meta":{"footnotes":""},"class_list":["post-1178","page","type-page","status-publish","hentry"],"_links":{"self":[{"href":"https:\/\/cabinetiai.com\/index.php\/wp-json\/wp\/v2\/pages\/1178"}],"collection":[{"href":"https:\/\/cabinetiai.com\/index.php\/wp-json\/wp\/v2\/pages"}],"about":[{"href":"https:\/\/cabinetiai.com\/index.php\/wp-json\/wp\/v2\/types\/page"}],"author":[{"embeddable":true,"href":"https:\/\/cabinetiai.com\/index.php\/wp-json\/wp\/v2\/users\/1"}],"replies":[{"embeddable":true,"href":"https:\/\/cabinetiai.com\/index.php\/wp-json\/wp\/v2\/comments?post=1178"}],"version-history":[{"count":2,"href":"https:\/\/cabinetiai.com\/index.php\/wp-json\/wp\/v2\/pages\/1178\/revisions"}],"predecessor-version":[{"id":1207,"href":"https:\/\/cabinetiai.com\/index.php\/wp-json\/wp\/v2\/pages\/1178\/revisions\/1207"}],"wp:attachment":[{"href":"https:\/\/cabinetiai.com\/index.php\/wp-json\/wp\/v2\/media?parent=1178"}],"curies":[{"name":"wp","href":"https:\/\/api.w.org\/{rel}","templated":true}]}}