{"id":1184,"date":"2021-05-29T20:18:27","date_gmt":"2021-05-29T18:18:27","guid":{"rendered":"http:\/\/cabinetiai.com\/?page_id=1184"},"modified":"2021-07-03T17:49:14","modified_gmt":"2021-07-03T15:49:14","slug":"conseils-et-assistance-fiscale","status":"publish","type":"page","link":"https:\/\/cabinetiai.com\/index.php\/conseils-et-assistance-fiscale\/","title":{"rendered":"Conseils et assistance fiscale"},"content":{"rendered":"<div class=\"wpb-content-wrapper\"><p>[vc_row][vc_column width=\u00a0\u00bb1\/2&Prime;][vc_column_text]Notre mission couvre les travaux professionnels devant permettre \u00e0 votre entreprise de respecter les diff\u00e9rentes obligations professionnelles qui lui incombent, pour vous permettre de vous conformer \u00e0 vos obligations juridiques, comptable et fiscale.<\/p>\n<p><strong><u>ASSISTANCE ET CONSEIL DANS LE RESPECT DES OBLIGATIONS COMPTABLE<\/u> <\/strong><\/p>\n<p>Votre entreprise est soumise \u00e0 des obligations comptables, notamment celles d\u00e9coulant du trait\u00e9 de l\u2019OHADA, particuli\u00e8rement l\u2019acte uniforme du 24 mars 2000 portant organisation de la comptabilit\u00e9 des entreprises.<\/p>\n<p>Le cabinet IAI vous assistera pour l\u2019ex\u00e9cution des travaux de tenu des livres comptables ainsi que ceux de l\u2019\u00e9laboration des \u00e9tats financiers de synth\u00e8se annuels (bilan, compte de r\u00e9sultat, le TAFIRE etc \u2026\u2026..).<\/p>\n<p><strong>ASSISTANCE ET CONSEIL DANS LE RESPECT DES OBLIGATIONS FISCALES<\/strong><\/p>\n<p>Les obligations fiscales de l\u2019entreprise d\u00e9coulant du code G\u00e9n\u00e9rale des Imp\u00f4ts et des textes fiscaux en vigueur, doivent \u00eatre ex\u00e9cut\u00e9es dans les d\u00e9lais exig\u00e9s.<\/p>\n<p>Nous vous assisterons pour tous les travaux de d\u00e9claration fiscale ainsi que pour les travaux rendus n\u00e9cessaires lors d\u2019un contr\u00f4le fiscal en collaboration avec le Centre de Gestion Agr\u00e9er (CGA) avec lequel vous collaborez.<\/p>\n<p><strong>ASSISTANCE ET CONSEIL DANS LE RESPECT DES OBLIGATIONS SOCIALES<\/strong><\/p>\n<p>Pour le respect des obligations sociales de l\u2019entreprise notamment en mati\u00e8re de droit du travail et de pr\u00e9voyance sociale, nous vous assisterons et vous conseillerons.<\/p>\n<ul>\n<li>Notre assistance et nos conseils couvrent les travaux relatifs \u00e0 l\u2019embauche (\u00e9tablissement des contrats de travail), a la gestion des carri\u00e8res, \u00e0 la paie (bulletin de paie), au\u00a0 d\u00e9part d\u00e9finitif du personnel ainsi que les d\u00e9clarations CNPS.<\/li>\n<li>En cas de contr\u00f4le CNPS, notre assistance et nos conseils seront \u00e9galement \u00e0 la disposition de votre entreprise.<\/li>\n<\/ul>\n<p>[\/vc_column_text][\/vc_column][vc_column width=\u00a0\u00bb1\/2&Prime;][vc_single_image image=\u00a0\u00bb1208&Prime; img_size=\u00a0\u00bbfull\u00a0\u00bb][\/vc_column][\/vc_row]<\/p>\n<\/div>","protected":false},"excerpt":{"rendered":"<p>[vc_row][vc_column width=\u00a0\u00bb1\/2&Prime;][vc_column_text]Notre mission couvre les travaux professionnels devant permettre \u00e0 votre &#8230; <\/p>\n","protected":false},"author":1,"featured_media":0,"parent":0,"menu_order":0,"comment_status":"closed","ping_status":"closed","template":"","meta":{"footnotes":""},"class_list":["post-1184","page","type-page","status-publish","hentry"],"_links":{"self":[{"href":"https:\/\/cabinetiai.com\/index.php\/wp-json\/wp\/v2\/pages\/1184"}],"collection":[{"href":"https:\/\/cabinetiai.com\/index.php\/wp-json\/wp\/v2\/pages"}],"about":[{"href":"https:\/\/cabinetiai.com\/index.php\/wp-json\/wp\/v2\/types\/page"}],"author":[{"embeddable":true,"href":"https:\/\/cabinetiai.com\/index.php\/wp-json\/wp\/v2\/users\/1"}],"replies":[{"embeddable":true,"href":"https:\/\/cabinetiai.com\/index.php\/wp-json\/wp\/v2\/comments?post=1184"}],"version-history":[{"count":2,"href":"https:\/\/cabinetiai.com\/index.php\/wp-json\/wp\/v2\/pages\/1184\/revisions"}],"predecessor-version":[{"id":1209,"href":"https:\/\/cabinetiai.com\/index.php\/wp-json\/wp\/v2\/pages\/1184\/revisions\/1209"}],"wp:attachment":[{"href":"https:\/\/cabinetiai.com\/index.php\/wp-json\/wp\/v2\/media?parent=1184"}],"curies":[{"name":"wp","href":"https:\/\/api.w.org\/{rel}","templated":true}]}}